65?
21
Suppose 760 = -12*m - 908. Let j = 227 + m. Calculate the highest common divisor of j and 11.
11
Suppose 0 = k - 4. Let a be k - (-4)/(12/57). What is the greatest common divisor of a and 207?
23
Let p(n) = 3*n**2 + 20*n - 73. Let r be p(-16). Calculate the greatest common factor of 15 and r.
15
Let t(f) = f. Let d be t(3). Suppose 3*y = 3*j - 18, -6*y = -d*j - y + 16. Calculate the greatest common factor of 56 and j.
7
Suppose -3*y = -3*l + 9, 4*l + 6 = -5*y + 18. Let v = 9 - 2. Let m be v/2 + (-4)/8. Calculate the highest common factor of m and l.
3
Let z = 79 - 52. Suppose -30*b + z*b = -12. Calculate the greatest common factor of 10 and b.
2
Let h be (-8)/10*325/(-10). Let c be 2/(1 - -3)*-2*-3. Suppose c*j - 1424 = -2*j + 2*u, 3*j + 4*u - 870 = 0. Calculate the highest common divisor of h and j.
26
Let u(p) = -p**3 + 13*p**2 - 9*p - 16. Let f be u(12). Suppose -2*s + 58*l = 61*l - 169, -l = -3*s + 237. Calculate the highest common divisor of s and f.
20
Let l = 57 + -53. Calculate the greatest common factor of 36 and l.
4
Let c = -47 + 51. Calculate the highest common factor of 9 and c.
1
Suppose 4*a = 3*a + 21. Let z(h) = 2*h**2 + 59*h + 87. Let v be z(-28). Let n be (-2)/v + 686/a. Calculate the highest common divisor of 4 and n.
4
Let u be (6/(-4) + 2)/((-3)/(-2442)). What is the highest common divisor of u and 88?
11
Suppose 19 = -c + 4*r, 3*r - 2 - 13 = c. Suppose d + 0*j = -j - 8, 5*j + 8 = -d. Let p = c - d. Calculate the greatest common factor of p and 5.
5
Let w(q) = q**2 - 5*q - 5. Let m be w(6). Suppose i = 6*i - 5. Let p be 45/5 + i/(-1). Calculate the highest common factor of p and m.
1
Let o(p) be the first derivative of -p**4/4 - 2*p**3 + p**2/2 - 2*p + 4. Let d be o(-5). Let x be 97/4 + 8/d. Calculate the highest common divisor of 120 and x.
24
Let c = 4 - 1. Suppose 0 = -1679*g + 1673*g + 18. Calculate the greatest common factor of c and g.
3
Let t(g) = g**3 - 47*g**2 + 100*g - 6. Let d be t(45). What is the highest common divisor of 185 and d?
37
Let k be (-5)/((-5)/(-4)) + -31. Let b be ((-10)/k)/(3/231). Suppose -3*y = -7*y + 968. What is the greatest common factor of b and y?
22
Suppose -3*m - 59 - 53 = 2*w, 3*m = 6. Let l = -20 - w. Suppose l - 3 = x. Calculate the highest common divisor of 12 and x.
12
Suppose -9*b - 30 + 327 = 0. Suppose -3*x + 132 + b = 0. What is the highest common factor of x and 5?
5
Let b be 35/20 - 1/(-4). Suppose s + 3*r - 2 = b*r, -5*r = 2*s - 1. Calculate the greatest common divisor of 12 and s.
3
Let l be (-4)/10 + 22*(-6)/20. Let h(x) = -9*x + 0*x + 4 + 2*x**2 - 3*x**2 + 4. Let n be h(l). Calculate the greatest common factor of n and 88.
22
Let u = -22 + 16. Let b(r) = 2*r - 10. Let f(c) = 3*c - 11. Let d(l) = 5*b(l) - 4*f(l). Let n be d(u). Calculate the greatest common factor of 30 and n.
6
Let g(v) = v**2 - 4*v - 20. Suppose -h + 3*h = 3*q + 17, 5*h - 45 = 5*q. Let o be g(h). What is the greatest common factor of o and 16?
8
Let i = -27 - -61. Let q(x) = -5*x**3 + 2*x**2 - 2*x - 1. Let f be q(-2). Calculate the highest common factor of f and i.
17
Suppose 19*k - 228 - 133 = 0. Calculate the greatest common factor of k and 133.
19
Let j = 157 - 115. What is the greatest common divisor of j and 112?
14
Let k = -132 + 260. What is the highest common factor of 40 and k?
8
Suppose -3*v = 3*y - 243, -40 = -y - 2*v + 37. Calculate the greatest common divisor of y and 30.
5
Suppose 3*a = -4*a + 105. Let y = a - 14. Calculate the greatest common divisor of 11 and y.
1
Suppose -5*y + 16 = -4, -j = -2*y - 423. Suppose -7*g = -j - 45. Suppose -2*q + 4*q = 34. Calculate the highest common divisor of g and q.
17
Let n = 12 + -8. Suppose 4*h + 3*t - 685 = -65, 592 = n*h - 4*t. What is the highest common divisor of 19 and h?
19
Let h = 6 - -106. Calculate the greatest common divisor of 16 and h.
16
Let g(x) = x**2 + 40*x - 747. Let w be g(14). Let n = -135 - -207. Calculate the highest common factor of w and n.
9
Suppose 172*q = 174*q - 34. What is the highest common factor of 85 and q?
17
Suppose -4*i - 18 = -174. Calculate the highest common divisor of i and 156.
39
Suppose 6*z = -3*k + 2*z - 79, z + 26 = -k. Let u be (k/(-4))/(-5)*-84. Let q = 38 + -17. What is the greatest common factor of q and u?
21
Suppose -11*o + 1556 = 467. What is the highest common divisor of 9 and o?
9
Let i be 3/6 + 38/4. Suppose -1 = l - i. Suppose -3*r - 2*z + 36 = l, 4*r = 5*z + 59. Calculate the highest common divisor of r and 88.
11
Let s be ((-6)/8)/(3/(-72)). Suppose -6*y - 2*y + 96 = 0. What is the highest common factor of y and s?
6
Let r be ((-142)/(-7) - 2) + 12/(-42). Suppose 2*m - 41 - 19 = 0. What is the highest common factor of r and m?
6
Let w = 0 - -26. Let h = -5 + w. Let u = h - 13. What is the highest common divisor of 2 and u?
2
Suppose -t + 57 = -8*x + 9*x, 5*x - 245 = 5*t. What is the highest common factor of 689 and x?
53
Let c be 2 + 0 + (33 - 1). Let y = c + -24. Calculate the highest common factor of y and 90.
10
Suppose 182 = 8*n - 554. Suppose -2*r + 84 = -n. Calculate the highest common factor of 8 and r.
8
Let o = 784 + -781. Let g(b) = b**2 - 3*b - 7. Let q be g(-5). Calculate the highest common divisor of q and o.
3
Let z(c) = -c**2 + 7*c - 3. Let m be z(6). Let l be (1 - 2)*(-8 - m). Let g be (-10)/(-4)*((-2 - -22) + 2). What is the greatest common factor of l and g?
11
Let y(v) = -v**3 - v**2 + 2*v + 1. Let b be ((-2)/(-6))/((-2)/12). Let k be y(b). Suppose k - 3 = -n. What is the highest common divisor of n and 8?
2
Suppose 4*k + 2*n = 38, 0*k + 2*k - 3*n = -1. Suppose 2*b + 223 = 4*j - 27, -121 = -2*j + 5*b. Calculate the highest common factor of j and k.
7
Let j = -252 - -315. Suppose 0 = -m - 5*k + 28, -5*m - 5*k + 24 + 76 = 0. Calculate the greatest common divisor of j and m.
9
Let h = 3 - 1. Let g be 0/((-9)/(9/(-2))). Let k be 4*(3/3 + g - -3). Calculate the greatest common divisor of h and k.
2
Suppose 3*p + 353 = -3*s + 3419, 0 = -3*s + 2*p + 3091. Calculate the greatest common factor of 39 and s.
13
Let x be (36/14)/(-3*8/(-84)). Suppose -9 - 18 = -3*w. What is the greatest common factor of x and w?
9
Let b = -351 - -456. Calculate the highest common factor of b and 273.
21
Suppose -4*j + 6 = -58. Let i(r) = r**3 + 8*r**2 - 12*r - 19. Let h be i(-9). What is the highest common factor of h and j?
8
Let r = 113 - 424. Let n = -166 - r. Let v = -64 + 122. Calculate the greatest common factor of n and v.
29
Let s be 40 + (80 - 8)/(-9). What is the highest common factor of 432 and s?
16
Let x(k) = -11*k + 168. Let b be x(12). Suppose 5*q = 65 - 20. What is the highest common divisor of b and q?
9
Let o be (-514)/(-6) - 385/105. What is the greatest common divisor of 1312 and o?
82
Let m be 4/(-12) - 134/(-6). What is the highest common divisor of m and 2?
2
Let q(x) = x**2 - 4*x - 4. Let v be q(6). Let o be (8/(-5))/(v/(-40)). Calculate the greatest common factor of o and 8.
8
Let o = -404 + 406. What is the greatest common divisor of 86 and o?
2
Suppose -235*l = -234*l - 2*z - 148, 0 = 5*l - 4*z - 764. Calculate the greatest common divisor of 9 and l.
3
Suppose m - 2*m + 2 = u, -u = -4*m + 8. Suppose -q = -2*q + 5*n - 10, 28 = 5*q + n. Suppose q*y - 12 - 18 = 0. Calculate the highest common factor of m and y.
2
Suppose 0 = 11*w - 7*w. Let a = 60 + -39. Suppose w = -4*p + p + a. What is the greatest common divisor of p and 28?
7
Let q(m) = -3*m**3 + m. Let h be q(-1). Suppose -c - 4*o + 37 = 0, h*o - 5 - 5 = 0. What is the greatest common factor of 17 and c?
17
Suppose -115 = -3*f - 25. What is the greatest common divisor of 90 and f?
30
Suppose 5*y - 22 = -4*c - 11, -c = y - 3. Calculate the highest common factor of 156 and c.
4
Suppose 32 = 23*l - 21*l. Calculate the greatest common divisor of 8 and l.
8
Let y(q) = -2*q**3 + 27*q**2 + 3*q + 10. Let p be y(11). Calculate the greatest common divisor of 48 and p.
24
Let t(o) = -o**3 + o + 2. Let f be t(-1). Suppose 0 = 2*u - 33 - 3. Calculate the greatest common factor of f and u.
2
Suppose 0 = -6*w + 26*w - 1880. What is the greatest common factor of 2491 and w?
47
Let w(a) be the first derivative of -a**3/3 - 5*a**2 - 15*a - 10. Let s be w(-6). Calculate the greatest common divisor of s and 18.
9
Let u be ((-78)/(-30))